(base 2) to base 5.
33
Convert -22 (base 3) to base 4.
-20
-a (base 12) to base 10
-10
-3 (base 12) to base 7
-3
0 (base 11) to base 14
0
Convert e (base 15) to base 11.
13
What is -80 (base 11) in base 6?
-224
605 (base 8) to base 16
185
-20 (base 7) to base 5
-24
What is -1 (base 12) in base 4?
-1
0 (base 9) to base 16
0
What is -213 (base 5) in base 6?
-134
What is 20 (base 12) in base 10?
24
1 (base 11) to base 13
1
10 (base 7) to base 11
7
Convert -8 (base 10) to base 7.
-11
-11011 (base 2) to base 9
-30
-22 (base 6) to base 3
-112
Convert -13 (base 9) to base 3.
-110
-142 (base 8) to base 12
-82
1 (base 6) to base 9
1
Convert -89 (base 10) to base 5.
-324
Convert -2 (base 13) to base 7.
-2
Convert 4 (base 10) to base 14.
4
Convert -22 (base 9) to base 12.
-18
What is -126 (base 11) in base 15?
-9e
Convert -1000000 (base 2) to base 10.
-64
4 (base 14) to base 3
11
What is 1d (base 15) in base 9?
31
56 (base 7) to base 2
101001
120 (base 3) to base 11
14
Convert -16 (base 13) to base 5.
-34
What is 3 (base 16) in base 9?
3
What is d9 (base 14) in base 11?
164
What is -2 (base 9) in base 11?
-2
41 (base 6) to base 13
1c
Convert 111 (base 11) to base 9.
157
-4 (base 5) to base 9
-4
Convert 6 (base 16) to base 7.
6
What is -5 (base 15) in base 12?
-5
What is 56 (base 16) in base 3?
10012
8 (base 11) to base 14
8
What is -6 (base 16) in base 5?
-11
-6 (base 7) to base 2
-110
What is -4 (base 5) in base 14?
-4
Convert -14 (base 10) to base 12.
-12
-1 (base 16) to base 5
-1
What is -4 (base 16) in base 9?
-4
-276 (base 9) to base 5
-1411
Convert 6 (base 12) to base 8.
6
37 (base 12) to base 2
101011
-32 (base 4) to base 3
-112
What is -266 (base 7) in base 3?
-12102
4 (base 7) to base 15
4
What is 1 (base 9) in base 3?
1
Convert -2 (base 12) to base 9.
-2
Convert 3 (base 13) to base 9.
3
What is 22 (base 9) in base 15?
15
-102 (base 7) to base 11
-47
3 (base 12) to base 11
3
42 (base 10) to base 3
1120
135 (base 9) to base 8
161
-13 (base 4) to base 2
-111
Convert 110000 (base 2) to base 9.
53
Convert 10110001 (base 2) to base 9.
216
What is 11 (base 2) in base 6?
3
4 (base 10) to base 15
4
What is 6 (base 13) in base 5?
11
What is 27 (base 15) in base 8?
45
Convert 22 (base 3) to base 15.
8
-66 (base 13) to base 5
-314
What is -1011 (base 2) in base 9?
-12
9 (base 15) to base 16
9
What is 1 (base 6) in base 7?
1
Convert 1 (base 2) to base 7.
1
Convert -11 (base 3) to base 4.
-10
What is -c (base 13) in base 8?
-14
-12 (base 10) to base 7
-15
What is 10 (base 12) in base 9?
13
Convert 26 (base 12) to base 6.
50
Convert -4 (base 12) to base 14.
-4
What is 0 (base 13) in base 4?
0
8a (base 13) to base 12
96
8 (base 10) to base 5
13
-35 (base 13) to base 2
-101100
Convert -3 (base 6) to base 8.
-3
Convert 9 (base 14) to base 2.
1001
What is -8 (base 10) in base 14?
-8
-183 (base 14) to base 2
-100110111
Convert 28 (base 13) to base 15.
24
Convert 11 (base 2) to base 5.
3
-171 (base 12) to base 10
-229
What is -1 (base 2) in base 13?
-1
-110111 (base 2) to base 15
-3a
-100100 (base 2) to base 4
-210
What is -9a (base 16) in base 7?
-310
2 (base 10) to base 6
2
Convert -36 (base 7) to base 8.
-33
Convert -4 (base 11) to base 2.
-100
What is 56 (base 9) in base 10?
51
What is 5 (base 6) in base 3?
12
What is 1a (base 12) in base 10?
22
What is -11 (base 4) in base 16?
-5
Convert -2 (base 8) to base 7.
-2
Convert -26 (base 16) to base 11.
-35
What is 11 (base 4) in base 5?
10
What is -32 (base 11) in base 4?
-203
9 (base 10) to base 4
21
-6 (base 15) to base 5
-11
What is 120 (base 3) in base 2?
1111
13 (base 5) to base 4
20
Convert -223 (base 7) to base 11.
-a5
Convert -302 (base 5) to base 12.
-65
What is 5 (base 16) in base 2?
101
1 (base 10) to base 8
1
What is -356 (base 7) in base 14?
-d6
Convert 111111 (base 2) to base 13.
4b
Convert -5 (base 16) to base 9.
-5
-30 (base 8) to base 9
-26
3 (base 16) to base 6
3
Convert 46 (base 7) to base 11.
31
What is 1111011 (base 2) in base 13?
96
Convert 23 (base 7) to base 4.
101
Convert 2 (base 3) to base 7.
2
What is 10 (base 7) in base 16?
7
-4 (base 15) to base 12
-4
Convert 4 (base 6) to base 12.
4
Convert 8b (base 12) to base 11.
98
Convert -4 (base 8) to base 2.
-100
-12 (base 10) to base 2
-1100
Convert 11 (base 15) to base 5.
31
What is -132 (base 8) in base 4?
-1122
42 (base 5) to base 16
16
What is -211 (base 5) in base 9?
-62
What is -2111 (base 3) in base 6?
-151
Convert 11 (base 16) to base 6.
25
-23 (base 6) to base 2
-1111
Convert -17a (base 11) to base 13.
-130
Convert -242 (base 8) to base 7.
-321
3 (base 7) to base 13
3
What is 1 (base 15) in base 8?
1
-65 (base 14) to base 6
-225
1423 (base 5) to base 7
460
Convert 21 (base 5) to base 12.
b
What is 7 (base 14) in base 5?
12
Convert 32 (base 8) to base 9.
28
Convert -23 (base 6) to base 7.
-21
What is -2 (base 15) in base 7?
-2
-1010 (base 4) to base 3
-2112
Convert 30 (base 6) to base 2.
10010
Convert -7 (base 13) to base 16.
-7
18 (base 16) to base 7
33
What is -c (base 15) in base 9?
-13
Convert -2 (base 8) to base 6.
-2
What is 15 (base 7) in base 4?
30
43 (base 8) to base 12
2b
Convert -3 (base 16) to base 4.
-3
What is -2 (base 5) in base 4?
-2
What is 62 (base 12) in base 5?
244
Convert c (base 14) to base 16.
c
-295 (base 10) to base 3
-101221
-1 (base 7) to base 8
-1
Convert -f (base 16) to base 11.
-14
-6 (base 9) to base 3
-20
What is -10101001 (base 2) in base 7?
-331
What is -1010110 (base 2) in base 16?
-56
What is 100000000 (base 2) in base 13?
169
Convert -5 (base 6) to base 10.
-5
What is -1 (base 13) in base 3?
-1
-1 (base 14) to base 3
-1
-110 (base 3) to base 11
-11
Convert 6 (base 9) to base 8.
6
29 (base 16) to base 13
32
What is 131 (base 11) in base 7?
311
Convert 5 (base 8) to base 7.
5
-1 (base 4) to base 12
-1
54 (base 7) to base 2
100111
What is -1 (base 6) in base 9?
-1
Convert -3 (base 14) to base 4.
-3
Convert -1 (base 11) to base 5.
-1
What is 101 (base 5) in base 8?
32
Convert -5 (base 9) to base 10.
-5
Convert -b (base 12) to base 10.
-11
Convert -77 (base 10) to base 6.
-205
110101 (base 2) to base 13
41
What is 191 (base 10) in base 15?
cb
11001011 (base 2) to base 6
535
0 (base 6) to base 10
0
What is 111 (base 3) in base 15?
d
Convert -3 (base 13) to base 16.
-3
12 (base 4) to base 6
10
What is 1 (base 5) in base 7?
1
2 (base 13) to base 8
2
20 (base 9) to base 11
17
Convert -1 (base 11) to base 7.
-1
Convert -7 (base 16) to base 13.
-7
What is 2 (base 8) in base 5?
2
Convert -5 (base 9) to base 14.
-5
What is -1 (base 6) in base 2?
-1
-5 (base 12) to base 2
-101
17 (base 14) to base 5
41
-19 (base 16) to base 5
-100
Convert 0 (base 4) to base 9.
0
169 (base 10) to base 14
c1
What is 111 (base 5) in base 14?
23
What is 1 (base 9) in base 16?
1
Convert -3 (base 7) to base 8.
-3
Convert -10 (base 3) to base 5.
-3
0 (base 9) to base 2
0
What is 6 (base 13) in base 5?
11
Convert 16 (base 10) to base 14.
12
Convert -52 (base 7) to base 5.
-122
What is 0 (base 11) in base 16?
0
Convert -2 (base 15) to base 8.
-2
-8 (base 11) to base 12
-8
What is -10 (base 7) in base 6?
-11
0 (base 6) to base 5
0
-2202 (base 5) to base 11
-255
25a (base 13) to base 15
1c8
Convert -1111010 (base 2) to base 15.
-82
-1 (base 16) to base 3
-1
4 (base 11) to base 16
4
Convert -2 (base 3) to base 2.
-10
Convert -1 (base 15) to base 5.
-1
2 (base 6) to base 7
2
-1e (base 16) to base 3
-1010
Convert 323 (base 5) to base 7.
154
Convert 2 (base 16) to base 4.
2
Convert -4 (base 5) to base 3.
-11
Convert -2 (base 9) to base 5.
-2
Convert -62 (base 14) to base 2.
-1010110
What is 131 (base 6) in base 8?
67
What is 4 (base 12) in base 2?
100
What is -41 (base 13) in base 14?
-3b
Convert -51 (base 7) to base 9.
-40
Convert 200 (base 4) to base 11.
2a
-3 (base 15) to base 5
-3
Convert -4 (base 15) to base 7.
-4
What is 1340 (base 6) in base 3?
110220
Convert -3 (base 9) to base 13.
-3
Convert 2 (base 14) to base 10.
2
Convert 3 (base 12) to base 15.
3
What is -c (base 13) in base 9?
-13
-121 (base 4) to base 15
-1a
202 (base 3) to base 13
17
What is -7 (base 8) in base 12?
-7
What is 12 (base 8) in base 3?
101
Convert 21 (base 4) to base 9.
10
5a (base 16) to base 2
1011010
26 (base 10) to base 14
1c
Convert -43 (base 7) to base 10.
